at is the greatest common divisor of 800054287 and 8878?
4439
Calculate the greatest common factor of 511543 and 144083.
967
Calculate the highest common factor of 65625 and 27865625.
3125
What is the greatest common factor of 85797616 and 608?
304
What is the highest common divisor of 51184 and 48384?
112
Calculate the greatest common divisor of 34465235 and 4865.
35
Calculate the greatest common factor of 14538040 and 4048.
88
What is the highest common divisor of 1903803 and 27?
3
What is the greatest common factor of 30 and 5636652?
6
Calculate the highest common factor of 36 and 7881428.
4
Calculate the highest common divisor of 471076 and 29000.
116
What is the greatest common factor of 886 and 4294885?
443
Calculate the greatest common factor of 3537483 and 178.
89
What is the highest common factor of 32319 and 69559?
133
What is the highest common factor of 293959507 and 19?
19
Calculate the greatest common divisor of 7 and 6494491.
1
Calculate the greatest common divisor of 261117 and 105849.
171
Calculate the highest common divisor of 182 and 19001.
1
What is the greatest common factor of 42500 and 731650?
50
What is the greatest common factor of 19953 and 4813846?
739
What is the highest common factor of 25571 and 3090157?
1967
What is the highest common factor of 281769123 and 1095?
219
Calculate the highest common factor of 450 and 987047910.
90
Calculate the greatest common factor of 1391 and 1082289.
13
What is the highest common factor of 11 and 94760512?
11
What is the highest common factor of 1405295364 and 3396?
3396
Calculate the greatest common factor of 344105985 and 15.
15
What is the greatest common divisor of 829185 and 315?
105
Calculate the highest common factor of 130 and 60802690.
130
What is the greatest common divisor of 5382 and 5410548?
234
Calculate the highest common factor of 142 and 125446421.
71
What is the highest common divisor of 283768 and 108072?
632
What is the greatest common factor of 321672 and 2508423?
3093
Calculate the highest common factor of 54 and 9105696.
54
Calculate the greatest common divisor of 895 and 146414840.
895
What is the highest common factor of 518681709 and 156?
39
Calculate the greatest common divisor of 10884 and 144.
12
What is the greatest common factor of 2016 and 2154761?
7
What is the greatest common divisor of 9745520 and 2833?
2833
What is the greatest common factor of 48 and 798679824?
48
Calculate the highest common divisor of 437180 and 15.
5
Calculate the highest common divisor of 2441 and 90993157.
2441
Calculate the greatest common factor of 554580 and 6110.
130
What is the greatest common divisor of 260 and 721886490?
130
Calculate the highest common divisor of 74796252 and 4112.
1028
What is the highest common divisor of 3080 and 7653096?
88
Calculate the highest common divisor of 13068288 and 156.
12
What is the greatest common factor of 6333712540 and 236?
236
What is the greatest common factor of 193266 and 11391957?
10737
Calculate the greatest common factor of 1582 and 520142.
14
What is the greatest common divisor of 12 and 247402356?
12
Calculate the greatest common divisor of 2641 and 17746.
19
What is the greatest common factor of 15962 and 167254?
694
Calculate the highest common divisor of 5046407 and 736.
23
What is the highest common factor of 14842598 and 34?
34
Calculate the highest common factor of 38276847 and 837.
837
What is the highest common divisor of 16290639 and 54?
27
What is the highest common divisor of 152541763 and 22?
11
What is the highest common factor of 1558170 and 85028?
58
Calculate the highest common factor of 882 and 15471995.
49
What is the greatest common divisor of 549 and 4086486?
9
Calculate the greatest common divisor of 114 and 19182970.
38
Calculate the greatest common factor of 554508 and 2425023.
1899
Calculate the highest common divisor of 29524 and 80032.
244
What is the greatest common factor of 251326 and 24679739?
2371
Calculate the greatest common factor of 52668417 and 1233.
411
What is the highest common factor of 390 and 23567154?
78
What is the greatest common factor of 62362 and 346?
2
Calculate the highest common factor of 41275062 and 1566.
1566
What is the greatest common factor of 18130595 and 35?
35
Calculate the highest common factor of 1516860 and 6.
6
Calculate the greatest common divisor of 40460 and 1660.
20
What is the highest common divisor of 15992 and 53560?
8
Calculate the highest common divisor of 896 and 1832640.
64
What is the highest common factor of 24064035 and 4425?
885
Calculate the highest common divisor of 43402 and 50.
2
What is the greatest common factor of 801 and 73078879?
89
What is the greatest common factor of 166896914 and 754?
58
What is the greatest common divisor of 129 and 16150413?
129
Calculate the highest common divisor of 593011440 and 240.
240
What is the highest common divisor of 20163 and 652080?
429
Calculate the greatest common divisor of 303 and 17714188.
101
What is the highest common factor of 408901 and 23785?
67
What is the highest common divisor of 7458 and 3733746?
678
What is the highest common divisor of 8774 and 519806?
214
What is the highest common factor of 22172 and 635276?
964
What is the highest common divisor of 3980 and 10344816?
796
Calculate the greatest common factor of 175 and 6453200.
25
Calculate the greatest common divisor of 2 and 43200334.
2
Calculate the highest common divisor of 41728148 and 924.
308
Calculate the greatest common factor of 18 and 72244341.
9
Calculate the highest common divisor of 185461 and 269938.
971
What is the highest common divisor of 2780946 and 29106?
2646
What is the greatest common divisor of 70677942 and 1128?
282
What is the greatest common divisor of 9703 and 9109?
1
Calculate the greatest common divisor of 16169 and 2644057.
851
Calculate the greatest common factor of 464031 and 128451.
141
What is the greatest common divisor of 29590970 and 70?
10
What is the highest common factor of 2726067 and 686103?
3669
What is the highest common divisor of 11980002 and 7638?
402
What is the greatest common factor of 2707 and 729300991?
2707
Calculate the greatest common factor of 4797910 and 6513.
2171
Calculate the greatest common factor of 180 and 66768615.
45
Calculate the highest common divisor of 4196831 and 1959.
653
Calculate the highest common factor of 141423 and 4528309.
2773
Calculate the highest common factor of 99840 and 99069360.
3120
What is the highest common divisor of 2234 and 20964973?
1117
Calculate the greatest common factor of 37310 and 428350.
130
What is the greatest common divisor of 19525109 and 745?
149
What is the highest common factor of 1512 and 24437268?
108
Calculate the greatest common divisor of 296302 and 3.
1
Calculate the greatest common factor of 3216242 and 299770.
1934
What is the greatest common factor of 17866261 and 47489?
281
What is the highest common factor of 5592708 and 4?
4
What is the greatest common factor of 795 and 49055210?
265
Calculate the greatest common divisor of 293212864 and 1406.
1406
Calculate the highest common divisor of 1539473 and 232102.
1027
Calculate the highest common divisor of 33 and 31931141.
11
Calculate the greatest common divisor of 451 and 68261886.
11
What is the greatest common factor of 156 and 3077594?
26
Calculate the greatest common factor of 21 and 7211898.
3
Calculate the greatest common divisor of 1143875344 and 16.
16
Calculate the greatest common factor of 105593088 and 1536.
768
What is the greatest common divisor of 3474095 and 17927?
197
What is the highest common divisor of 260273 and 4420?
13
What is the greatest common divisor of 5 and 116268840?
5
Calculate the greatest common divisor of 1016 and 561086.
254
What is the greatest common divisor of 496 and 1469524?
124
Calculate the greatest common factor of 910157397 and 282.
141
What is the greatest common factor of 358790 and 450?
10
What is the greatest common divisor of 131012 and 80962?
14
What is the greatest common factor of 86450 and 356915?
1235
Calculate the greatest common divisor of 37171807 and 199.
199
What is the highest common divisor of 365956 and 4286092?
1916
What is the greatest common factor of 318172 and 5508?
68
Calculate the highest com